est common factor of 207 and 72?
9
Calculate the highest common divisor of 154 and 70.
14
Calculate the greatest common divisor of 320 and 384.
64
What is the highest common factor of 12320 and 132?
44
Calculate the greatest common divisor of 6000 and 3120.
240
What is the greatest common factor of 36002 and 141?
47
What is the greatest common factor of 27 and 2727?
27
What is the highest common factor of 2700 and 500?
100
What is the highest common divisor of 102 and 246?
6
Calculate the highest common divisor of 688 and 3010.
86
What is the highest common factor of 3250 and 338?
26
What is the highest common divisor of 48 and 14292?
12
What is the highest common divisor of 230 and 320?
10
Calculate the highest common factor of 12 and 540.
12
What is the greatest common divisor of 3256 and 1184?
296
Calculate the greatest common divisor of 801 and 99.
9
Calculate the highest common factor of 850 and 900.
50
Calculate the highest common factor of 87 and 6.
3
What is the greatest common divisor of 1421 and 49?
49
Calculate the greatest common factor of 34 and 136.
34
Calculate the highest common factor of 9814 and 14.
14
Calculate the highest common divisor of 121 and 11.
11
Calculate the highest common divisor of 152 and 5.
1
Calculate the highest common factor of 20615 and 465.
155
Calculate the highest common divisor of 42 and 406.
14
What is the greatest common factor of 66 and 36?
6
Calculate the highest common divisor of 114 and 2166.
114
What is the highest common factor of 460 and 20?
20
What is the highest common divisor of 7 and 2408?
7
What is the highest common factor of 26 and 6?
2
Calculate the greatest common factor of 28 and 756.
28
What is the greatest common factor of 2016 and 54?
18
Calculate the highest common divisor of 906 and 7.
1
Calculate the greatest common factor of 1140 and 15.
15
Calculate the highest common divisor of 39 and 47814.
39
Calculate the greatest common divisor of 33 and 24.
3
What is the highest common divisor of 45 and 1155?
15
What is the highest common divisor of 4824 and 670?
134
Calculate the greatest common factor of 1860 and 60.
60
Calculate the highest common divisor of 80 and 32.
16
What is the greatest common divisor of 66 and 84?
6
What is the highest common divisor of 52 and 1768?
52
What is the greatest common divisor of 52 and 55276?
52
What is the greatest common factor of 5640 and 15?
15
Calculate the greatest common factor of 95 and 456.
19
What is the highest common divisor of 56 and 696?
8
What is the highest common factor of 8 and 1118?
2
What is the greatest common factor of 15 and 615?
15
What is the greatest common divisor of 400 and 950?
50
Calculate the highest common factor of 800 and 7300.
100
Calculate the highest common factor of 2065 and 177.
59
Calculate the greatest common factor of 144 and 768.
48
What is the greatest common divisor of 4095 and 21?
21
Calculate the greatest common divisor of 183 and 305.
61
What is the highest common divisor of 126 and 3976?
14
Calculate the highest common factor of 120 and 6.
6
What is the greatest common factor of 154 and 1309?
77
Calculate the highest common factor of 86 and 16555.
43
What is the greatest common factor of 16500 and 132?
132
What is the greatest common factor of 1603 and 91?
7
Calculate the greatest common factor of 125 and 100.
25
What is the highest common factor of 120 and 12?
12
What is the highest common factor of 24 and 42?
6
Calculate the greatest common divisor of 89 and 712.
89
Calculate the greatest common factor of 3403 and 41.
41
Calculate the highest common factor of 456 and 12.
12
What is the highest common factor of 28 and 4228?
28
What is the greatest common factor of 559 and 156?
13
Calculate the greatest common divisor of 147 and 21.
21
Calculate the highest common factor of 294 and 252.
42
Calculate the greatest common divisor of 1484 and 28.
28
Calculate the greatest common factor of 175 and 7.
7
What is the greatest common divisor of 8 and 3728?
8
What is the greatest common factor of 42 and 4676?
14
Calculate the greatest common factor of 164 and 9266.
82
What is the greatest common divisor of 951 and 3?
3
What is the greatest common factor of 3819 and 114?
57
What is the highest common divisor of 8471 and 43?
43
What is the highest common divisor of 327 and 2616?
327
What is the highest common divisor of 5 and 1055?
5
What is the greatest common divisor of 99 and 506?
11
Calculate the highest common factor of 12 and 13722.
6
Calculate the greatest common factor of 104 and 8.
8
Calculate the highest common divisor of 6 and 978.
6
What is the highest common divisor of 31 and 279?
31
What is the greatest common factor of 40 and 47440?
40
Calculate the highest common factor of 392 and 364.
28
Calculate the highest common factor of 48 and 32.
16
Calculate the highest common factor of 806 and 52.
26
What is the highest common factor of 59 and 36403?
59
What is the greatest common divisor of 5 and 20?
5
Calculate the greatest common divisor of 136 and 459.
17
Calculate the greatest common divisor of 270 and 30.
30
Calculate the highest common divisor of 4867 and 31.
31
Calculate the highest common factor of 55 and 3770.
5
Calculate the greatest common factor of 136 and 1122.
34
Calculate the highest common factor of 870 and 150.
30
Calculate the highest common factor of 92 and 92.
92
Calculate the highest common divisor of 5874 and 4539.
267
Calculate the greatest common factor of 710 and 5.
5
What is the greatest common divisor of 22 and 18?
2
Calculate the greatest common factor of 175 and 325.
25
What is the greatest common divisor of 12 and 1536?
12
What is the highest common factor of 320 and 190?
10
Calculate the greatest common divisor of 155 and 5.
5
Calculate the greatest common factor of 68 and 10.
2
Calculate the highest common factor of 78 and 208.
26
Calculate the highest common factor of 19 and 67.
1
Calculate the greatest common divisor of 63 and 801.
9
Calculate the greatest common factor of 37 and 9.
1
Calculate the greatest common factor of 30037 and 49.
49
Calculate the highest common divisor of 14 and 95326.
14
What is the greatest common factor of 10 and 40?
10
What is the highest common factor of 44 and 132?
44
Calculate the greatest common divisor of 10 and 430.
10
What is the highest common factor of 10620 and 180?
180
Calculate the highest common factor of 3071 and 37.
37
What is the greatest common divisor of 13 and 13?
13
What is the greatest common divisor of 1400 and 1100?
100
Calculate the highest common divisor of 451 and 328.
41
Calculate the highest common divisor of 45 and 1035.
45
What is the highest common divisor of 11 and 297?
11
What is the highest common divisor of 203 and 29?
29
What is the highest common divisor of 59 and 826?
59
What is the highest common divisor of 292 and 4?
4
What is the greatest common divisor of 4956 and 168?
84
What is the highest common divisor of 8477 and 245?
49
What is the highest common factor of 368 and 23?
23
What is the greatest common divisor of 418 and 228?
38
Calculate the greatest common factor of 781 and 497.
71
What is the greatest common factor of 132 and 576?
12
What is the highest common factor of 4317 and 3?
3
Calculate the greatest common divisor of 24 and 2196.
12
What is the greatest common factor of 5341 and 109?
109
Calculate the highest common factor of 616 and 231.
77
What is the highest common divisor of 18 and 414?
18
What is the greatest common divisor of 870 and 348?
174
What is the highest common factor of 445 and 45?
5
Calculate the greatest common factor of 98 and 2590.
14
Calculate the greatest common factor of 126 and 1834.
14
Calculate the greatest common factor of 4 and 46.
2
Calculate the highest common divisor of 20 and 110.
10
What is the highest common factor of 1207 and 71?
71
Calculate the greatest common factor of 49 and 49.
49
Calculate the greatest common factor of 1265 and 5.
5
What is the highest common divisor of 308 and 220?
44
What is the highest common factor of 1878 and 6?
6
What is the highest common divisor of 51 and 918?
51
Calculate the greatest common factor of 120 and 6.
6
Calculate the highest common factor of 210 and 2562.
42
Calculate the highest common factor of 744 and 15